Last updated on 2020-09-17 02:08:14 CEST.
Flavor | Version | Tinstall | Tcheck | Ttotal | Status | Flags |
---|---|---|---|---|---|---|
r-devel-linux-x86_64-debian-clang | 0.3.1 | 5.00 | 38.19 | 43.19 | OK | |
r-devel-linux-x86_64-debian-gcc | 0.3.1 | 3.98 | 30.05 | 34.03 | OK | |
r-devel-linux-x86_64-fedora-clang | 0.3.1 | 64.12 | NOTE | |||
r-devel-linux-x86_64-fedora-gcc | 0.3.1 | 54.67 | NOTE | |||
r-devel-windows-ix86+x86_64 | 0.3.1 | 16.00 | 55.00 | 71.00 | OK | |
r-patched-linux-x86_64 | 0.3.1 | 5.21 | 38.07 | 43.28 | OK | |
r-patched-solaris-x86 | 0.3.1 | 75.50 | OK | |||
r-release-linux-x86_64 | 0.3.1 | 4.19 | 38.14 | 42.33 | OK | |
r-release-macos-x86_64 | 0.3.1 | OK | ||||
r-release-windows-ix86+x86_64 | 0.3.1 | 12.00 | 52.00 | 64.00 | OK | |
r-oldrel-macos-x86_64 | 0.3.1 | OK | ||||
r-oldrel-windows-ix86+x86_64 | 0.3.1 | 8.00 | 65.00 | 73.00 | OK |
Version: 0.3.1
Check: compiled code
Result: NOTE
File ‘ibdreg/libs/ibdreg.so’:
Found no calls to: ‘R_registerRoutines’, ‘R_useDynamicSymbols’
It is good practice to register native routines and to disable symbol
search.
See ‘Writing portable packages’ in the ‘Writing R Extensions’ manual.
Flavors: r-devel-linux-x86_64-fedora-clang, r-devel-linux-x86_64-fedora-gcc