CRAN Package Check Results for Package idem

Last updated on 2020-09-17 02:08:14 CEST.

Flavor Version Tinstall Tcheck Ttotal Status Flags
r-devel-linux-x86_64-debian-clang 5.0 115.64 169.11 284.75 NOTE
r-devel-linux-x86_64-debian-gcc 5.0 115.73 130.40 246.13 NOTE
r-devel-linux-x86_64-fedora-clang 5.0 384.36 NOTE
r-devel-linux-x86_64-fedora-gcc 5.0 398.85 NOTE
r-devel-windows-ix86+x86_64 5.0 288.00 321.00 609.00 NOTE
r-patched-linux-x86_64 5.0 98.14 170.46 268.60 NOTE
r-patched-solaris-x86 5.0 444.40 NOTE
r-release-linux-x86_64 5.0 97.12 171.65 268.77 NOTE
r-release-macos-x86_64 5.0 NOTE
r-release-windows-ix86+x86_64 5.0 273.00 311.00 584.00 NOTE
r-oldrel-macos-x86_64 5.0 NOTE
r-oldrel-windows-ix86+x86_64 5.0 259.00 291.00 550.00 NOTE

Check Details

Version: 5.0
Check: for GNU extensions in Makefiles
Result: NOTE
    GNU make is a SystemRequirements.
Flavors: r-devel-linux-x86_64-debian-clang, r-devel-linux-x86_64-debian-gcc, r-devel-linux-x86_64-fedora-clang, r-devel-linux-x86_64-fedora-gcc, r-devel-windows-ix86+x86_64, r-patched-linux-x86_64, r-patched-solaris-x86, r-release-linux-x86_64, r-release-macos-x86_64, r-release-windows-ix86+x86_64, r-oldrel-macos-x86_64, r-oldrel-windows-ix86+x86_64

Version: 5.0
Check: installed package size
Result: NOTE
     installed size is 32.4Mb
     sub-directories of 1Mb or more:
     doc 1.3Mb
     libs 30.5Mb
Flavors: r-devel-linux-x86_64-fedora-clang, r-devel-windows-ix86+x86_64, r-release-macos-x86_64, r-release-windows-ix86+x86_64, r-oldrel-macos-x86_64, r-oldrel-windows-ix86+x86_64

Version: 5.0
Check: dependencies in R code
Result: NOTE
    Namespace in Imports field not imported from: ‘rstantools’
     All declared Imports should be used.
Flavors: r-devel-linux-x86_64-fedora-clang, r-devel-linux-x86_64-fedora-gcc, r-patched-solaris-x86, r-release-macos-x86_64, r-oldrel-macos-x86_64