CRAN Package Check Results for Package ips

Last updated on 2020-09-17 02:08:14 CEST.

Flavor Version Tinstall Tcheck Ttotal Status Flags
r-devel-linux-x86_64-debian-clang 0.0.11 11.19 90.41 101.60 OK
r-devel-linux-x86_64-debian-gcc 0.0.11 9.75 68.64 78.39 OK
r-devel-linux-x86_64-fedora-clang 0.0.11 133.71 NOTE
r-devel-linux-x86_64-fedora-gcc 0.0.11 123.95 NOTE
r-devel-windows-ix86+x86_64 0.0.11 25.00 86.00 111.00 OK
r-patched-linux-x86_64 0.0.11 11.10 87.55 98.65 OK
r-patched-solaris-x86 0.0.11 180.90 NOTE
r-release-linux-x86_64 0.0.11 12.80 88.12 100.92 OK
r-release-macos-x86_64 0.0.11 NOTE
r-release-windows-ix86+x86_64 0.0.11 30.00 84.00 114.00 OK
r-oldrel-macos-x86_64 0.0.11 NOTE
r-oldrel-windows-ix86+x86_64 0.0.11 17.00 107.00 124.00 OK

Check Details

Version: 0.0.11
Check: dependencies in R code
Result: NOTE
    Namespace in Imports field not imported from: ‘seqinr’
     All declared Imports should be used.
Flavors: r-devel-linux-x86_64-fedora-clang, r-devel-linux-x86_64-fedora-gcc, r-patched-solaris-x86, r-release-macos-x86_64, r-oldrel-macos-x86_64