Last updated on 2020-09-17 02:08:14 CEST.
Flavor | Version | Tinstall | Tcheck | Ttotal | Status | Flags |
---|---|---|---|---|---|---|
r-devel-linux-x86_64-debian-clang | 1.3 | 11.53 | 152.53 | 164.06 | OK | |
r-devel-linux-x86_64-debian-gcc | 1.3 | 8.85 | 111.91 | 120.76 | OK | |
r-devel-linux-x86_64-fedora-clang | 1.3 | 207.39 | OK | |||
r-devel-linux-x86_64-fedora-gcc | 1.3 | 196.01 | OK | |||
r-devel-windows-ix86+x86_64 | 1.3 | 27.00 | 197.00 | 224.00 | OK | |
r-patched-linux-x86_64 | 1.3 | 11.18 | 147.78 | 158.96 | OK | |
r-patched-solaris-x86 | 1.3 | 282.80 | OK | |||
r-release-linux-x86_64 | 1.3 | 9.68 | 146.92 | 156.60 | OK | |
r-release-macos-x86_64 | 1.3 | ERROR | ||||
r-release-windows-ix86+x86_64 | 1.3 | 25.00 | 196.00 | 221.00 | OK | |
r-oldrel-macos-x86_64 | 1.3 | OK | ||||
r-oldrel-windows-ix86+x86_64 | 1.3 | 40.00 | 187.00 | 227.00 | OK |
Version: 1.3
Check: package dependencies
Result: ERROR
Package required but not available: ‘lfa’
See section ‘The DESCRIPTION file’ in the ‘Writing R Extensions’
manual.
Flavor: r-release-macos-x86_64