Last updated on 2020-09-17 02:08:14 CEST.
Flavor | Version | Tinstall | Tcheck | Ttotal | Status | Flags |
---|---|---|---|---|---|---|
r-devel-linux-x86_64-debian-clang | 1.2.23 | 83.03 | 104.74 | 187.77 | OK | |
r-devel-linux-x86_64-debian-gcc | 1.2.23 | 65.06 | 77.82 | 142.88 | OK | |
r-devel-linux-x86_64-fedora-clang | 1.2.23 | 274.75 | NOTE | |||
r-devel-linux-x86_64-fedora-gcc | 1.2.23 | 266.05 | NOTE | |||
r-devel-windows-ix86+x86_64 | 1.2.23 | 137.00 | 137.00 | 274.00 | OK | |
r-patched-linux-x86_64 | 1.2.23 | 62.33 | 100.32 | 162.65 | OK | |
r-patched-solaris-x86 | 1.2.23 | 300.60 | NOTE | |||
r-release-linux-x86_64 | 1.2.23 | 64.24 | 101.49 | 165.73 | OK | |
r-release-macos-x86_64 | 1.2.23 | NOTE | ||||
r-release-windows-ix86+x86_64 | 1.2.23 | 139.00 | 134.00 | 273.00 | OK | |
r-oldrel-macos-x86_64 | 1.2.23 | NOTE | ||||
r-oldrel-windows-ix86+x86_64 | 1.2.23 | 133.00 | 135.00 | 268.00 | OK |
Version: 1.2.23
Check: dependencies in R code
Result: NOTE
Namespaces in Imports field not imported from:
‘BayesFactor’ ‘GGally’ ‘GPArotation’ ‘MASS’ ‘PMCMR’ ‘R6’ ‘ROCR’
‘afex’ ‘car’ ‘emmeans’ ‘ggridges’ ‘lavaan’ ‘multcomp’ ‘mvnormtest’
‘nnet’ ‘psych’ ‘vcd’ ‘vcdExtra’
All declared Imports should be used.
Flavors: r-devel-linux-x86_64-fedora-clang, r-devel-linux-x86_64-fedora-gcc, r-patched-solaris-x86, r-release-macos-x86_64, r-oldrel-macos-x86_64