CRAN Package Check Results for Package kernhaz

Last updated on 2020-09-17 02:08:15 CEST.

Flavor Version Tinstall Tcheck Ttotal Status Flags
r-devel-linux-x86_64-debian-clang 0.1.0 6.09 57.44 63.53 OK
r-devel-linux-x86_64-debian-gcc 0.1.0 5.12 45.06 50.18 OK
r-devel-linux-x86_64-fedora-clang 0.1.0 90.36 OK
r-devel-linux-x86_64-fedora-gcc 0.1.0 79.66 OK
r-devel-windows-ix86+x86_64 0.1.0 15.00 86.00 101.00 OK
r-patched-linux-x86_64 0.1.0 5.93 58.11 64.04 OK
r-patched-solaris-x86 0.1.0 123.80 OK
r-release-linux-x86_64 0.1.0 6.76 59.36 66.12 OK
r-release-macos-x86_64 0.1.0 OK
r-release-windows-ix86+x86_64 0.1.0 15.00 64.00 79.00 OK
r-oldrel-macos-x86_64 0.1.0 WARN
r-oldrel-windows-ix86+x86_64 0.1.0 15.00 76.00 91.00 OK

Check Details

Version: 0.1.0
Check: whether package can be installed
Result: WARN
    Found the following significant warnings:
     Warning: 'rgl_init' failed, running with rgl.useNULL = TRUE
Flavor: r-oldrel-macos-x86_64