CRAN Package Check Results for Package kgc

Last updated on 2020-09-17 02:08:15 CEST.

Flavor Version Tinstall Tcheck Ttotal Status Flags
r-devel-linux-x86_64-debian-clang 1.0.0.2 25.44 328.38 353.82 OK
r-devel-linux-x86_64-debian-gcc 1.0.0.2 23.90 250.87 274.77 OK
r-devel-linux-x86_64-fedora-clang 1.0.0.2 415.71 OK
r-devel-linux-x86_64-fedora-gcc 1.0.0.2 434.20 OK
r-devel-windows-ix86+x86_64 1.0.0.2 50.00 460.00 510.00 OK
r-patched-linux-x86_64 1.0.0.2 26.88 322.41 349.29 OK
r-patched-solaris-x86 1.0.0.2 322.50 WARN
r-release-linux-x86_64 1.0.0.2 28.14 324.33 352.47 OK
r-release-macos-x86_64 1.0.0.2 OK
r-release-windows-ix86+x86_64 1.0.0.2 49.00 441.00 490.00 OK
r-oldrel-macos-x86_64 1.0.0.2 OK
r-oldrel-windows-ix86+x86_64 1.0.0.2 42.00 435.00 477.00 OK

Check Details

Version: 1.0.0.2
Check: re-building of vignette outputs
Result: WARN
    Error(s) in re-building vignettes:
     ...
    --- re-building ‘kgc-fine.Rmd’ using rmarkdown
    Warning in engine$weave(file, quiet = quiet, encoding = enc) :
     Pandoc (>= 1.12.3) and/or pandoc-citeproc not available. Falling back to R Markdown v1.
    Loading required package: shiny
    Loading required package: shinythemes
    Loading required package: plyr
    Quitting from lines 37-53 (kgc-fine.Rmd)
    Error: processing vignette 'kgc-fine.Rmd' failed with diagnostics:
    cannot allocate vector of size 640.7 Mb
    --- failed re-building ‘kgc-fine.Rmd’
    
    --- re-building ‘kgc-vignette.Rmd’ using rmarkdown
    Warning in engine$weave(file, quiet = quiet, encoding = enc) :
     Pandoc (>= 1.12.3) and/or pandoc-citeproc not available. Falling back to R Markdown v1.
    Loading required package: shiny
    Loading required package: shinythemes
    Loading required package: plyr
    --- finished re-building ‘kgc-vignette.Rmd’
    
    SUMMARY: processing the following file failed:
     ‘kgc-fine.Rmd’
    
    Error: Vignette re-building failed.
    Execution halted
Flavor: r-patched-solaris-x86