CRAN Package Check Results for Package labdsv

Last updated on 2020-09-17 02:08:15 CEST.

Flavor Version Tinstall Tcheck Ttotal Status Flags
r-devel-linux-x86_64-debian-clang 2.0-1 14.15 89.64 103.79 OK
r-devel-linux-x86_64-debian-gcc 2.0-1 10.54 67.33 77.87 OK
r-devel-linux-x86_64-fedora-clang 2.0-1 134.31 NOTE
r-devel-linux-x86_64-fedora-gcc 2.0-1 125.14 NOTE
r-devel-windows-ix86+x86_64 2.0-1 34.00 178.00 212.00 OK
r-patched-linux-x86_64 2.0-1 10.72 89.74 100.46 OK
r-patched-solaris-x86 2.0-1 175.30 OK
r-release-linux-x86_64 2.0-1 12.12 87.54 99.66 OK
r-release-macos-x86_64 2.0-1 OK
r-release-windows-ix86+x86_64 2.0-1 32.00 137.00 169.00 OK
r-oldrel-macos-x86_64 2.0-1 OK
r-oldrel-windows-ix86+x86_64 2.0-1 23.00 161.00 184.00 OK

Check Details

Version: 2.0-1
Check: Rd cross-references
Result: NOTE
    Undeclared package ‘fso’ in Rd xrefs
Flavor: r-devel-linux-x86_64-fedora-clang

Version: 2.0-1
Check: compiled code
Result: NOTE
    File ‘labdsv/libs/labdsv.so’:
     Found no calls to: ‘R_registerRoutines’, ‘R_useDynamicSymbols’
    
    It is good practice to register native routines and to disable symbol
    search.
    
    See ‘Writing portable packages’ in the ‘Writing R Extensions’ manual.
Flavors: r-devel-linux-x86_64-fedora-clang, r-devel-linux-x86_64-fedora-gcc