Last updated on 2020-09-17 02:08:15 CEST.
Flavor | Version | Tinstall | Tcheck | Ttotal | Status | Flags |
---|---|---|---|---|---|---|
r-devel-linux-x86_64-debian-clang | 1.1.0 | 1.73 | 21.26 | 22.99 | NOTE | |
r-devel-linux-x86_64-debian-gcc | 1.1.0 | 1.39 | 16.57 | 17.96 | NOTE | |
r-devel-linux-x86_64-fedora-clang | 1.1.0 | 37.64 | OK | |||
r-devel-linux-x86_64-fedora-gcc | 1.1.0 | 27.22 | OK | |||
r-devel-windows-ix86+x86_64 | 1.1.0 | 4.00 | 42.00 | 46.00 | OK | |
r-patched-linux-x86_64 | 1.1.0 | 1.63 | 21.31 | 22.94 | NOTE | |
r-patched-solaris-x86 | 1.1.0 | 41.70 | OK | |||
r-release-linux-x86_64 | 1.1.0 | 1.66 | 20.84 | 22.50 | NOTE | |
r-release-macos-x86_64 | 1.1.0 | OK | ||||
r-release-windows-ix86+x86_64 | 1.1.0 | 4.00 | 32.00 | 36.00 | OK | |
r-oldrel-macos-x86_64 | 1.1.0 | OK | ||||
r-oldrel-windows-ix86+x86_64 | 1.1.0 | 3.00 | 39.00 | 42.00 | OK |
Version: 1.1.0
Check: R code for possible problems
Result: NOTE
Found the following calls to attach():
File 'lazyData/R/requireData.R':
attach(NULL, pos = pos, name = searchDataName)
See section 'Good practice' in '?attach'.
Flavors: r-devel-linux-x86_64-debian-clang, r-devel-linux-x86_64-debian-gcc, r-patched-linux-x86_64, r-release-linux-x86_64