CRAN Package Check Results for Package lazytrade

Last updated on 2020-09-17 02:08:15 CEST.

Flavor Version Tinstall Tcheck Ttotal Status Flags
r-devel-linux-x86_64-debian-clang 0.3.11 5.40 49.01 54.41 OK
r-devel-linux-x86_64-debian-gcc 0.4.0 5.30 37.09 42.39 OK
r-devel-linux-x86_64-fedora-clang 0.4.0 76.74 NOTE
r-devel-linux-x86_64-fedora-gcc 0.4.0 63.14 NOTE
r-devel-windows-ix86+x86_64 0.3.11 12.00 78.00 90.00 OK
r-patched-linux-x86_64 0.3.11 4.66 48.81 53.47 OK
r-patched-solaris-x86 0.4.0 5.00 ERROR
r-release-linux-x86_64 0.3.11 4.45 48.23 52.68 OK
r-release-macos-x86_64 0.3.11 OK
r-release-windows-ix86+x86_64 0.3.11 13.00 75.00 88.00 OK
r-oldrel-macos-x86_64 0.3.11 OK
r-oldrel-windows-ix86+x86_64 0.3.11 23.00 72.00 95.00 OK

Check Details

Version: 0.4.0
Check: dependencies in R code
Result: NOTE
    Namespace in Imports field not imported from: ‘tidyr’
     All declared Imports should be used.
Flavors: r-devel-linux-x86_64-fedora-clang, r-devel-linux-x86_64-fedora-gcc

Version: 0.4.0
Check: package dependencies
Result: ERROR
    Package required but not available: ‘h2o’
    
    See section ‘The DESCRIPTION file’ in the ‘Writing R Extensions’
    manual.
Flavor: r-patched-solaris-x86