CRAN Package Check Results for Package leaflet.extras

Last updated on 2020-09-17 02:08:15 CEST.

Flavor Version Tinstall Tcheck Ttotal Status Flags
r-devel-linux-x86_64-debian-clang 1.0.0 4.31 33.09 37.40 OK
r-devel-linux-x86_64-debian-gcc 1.0.0 2.95 25.78 28.73 OK
r-devel-linux-x86_64-fedora-clang 1.0.0 55.13 OK
r-devel-linux-x86_64-fedora-gcc 1.0.0 44.36 OK
r-devel-windows-ix86+x86_64 1.0.0 11.00 62.00 73.00 OK
r-patched-linux-x86_64 1.0.0 4.00 32.55 36.55 OK
r-patched-solaris-x86 1.0.0 69.70 NOTE
r-release-linux-x86_64 1.0.0 4.48 32.70 37.18 OK
r-release-macos-x86_64 1.0.0 OK
r-release-windows-ix86+x86_64 1.0.0 10.00 42.00 52.00 OK
r-oldrel-macos-x86_64 1.0.0 OK
r-oldrel-windows-ix86+x86_64 1.0.0 8.00 54.00 62.00 OK

Check Details

Version: 1.0.0
Check: installed package size
Result: NOTE
     installed size is 5.5Mb
     sub-directories of 1Mb or more:
     htmlwidgets 4.2Mb
Flavor: r-patched-solaris-x86