CRAN Package Check Results for Package lfl

Last updated on 2020-09-17 02:08:15 CEST.

Flavor Version Tinstall Tcheck Ttotal Status Flags
r-devel-linux-x86_64-debian-clang 2.0.1 79.46 98.40 177.86 OK
r-devel-linux-x86_64-debian-gcc 2.0.1 59.21 71.83 131.04 OK
r-devel-linux-x86_64-fedora-clang 2.0.1 246.01 OK
r-devel-linux-x86_64-fedora-gcc 2.0.1 221.06 OK
r-devel-windows-ix86+x86_64 2.0.1 177.00 212.00 389.00 NOTE
r-patched-linux-x86_64 2.0.1 58.35 94.40 152.75 OK
r-patched-solaris-x86 2.0.1 238.20 OK
r-release-linux-x86_64 2.0.1 60.94 93.89 154.83 OK
r-release-macos-x86_64 2.0.1 OK
r-release-windows-ix86+x86_64 2.0.1 177.00 216.00 393.00 NOTE
r-oldrel-macos-x86_64 2.0.1 OK
r-oldrel-windows-ix86+x86_64 2.0.1 129.00 185.00 314.00 NOTE

Check Details

Version: 2.0.1
Check: package dependencies
Result: NOTE
    Package suggested but not available for checking: 'doMC'
Flavors: r-devel-windows-ix86+x86_64, r-release-windows-ix86+x86_64, r-oldrel-windows-ix86+x86_64

Version: 2.0.1
Check: Rd cross-references
Result: NOTE
    Package unavailable to check Rd xrefs: 'doMC'
Flavors: r-devel-windows-ix86+x86_64, r-release-windows-ix86+x86_64, r-oldrel-windows-ix86+x86_64