Last updated on 2020-09-17 02:08:15 CEST.
Flavor | Version | Tinstall | Tcheck | Ttotal | Status | Flags |
---|---|---|---|---|---|---|
r-devel-linux-x86_64-debian-clang | 0.3.4 | 24.28 | 70.09 | 94.37 | OK | |
r-devel-linux-x86_64-debian-gcc | 0.3.4 | 21.13 | 55.86 | 76.99 | OK | |
r-devel-linux-x86_64-fedora-clang | 0.3.4 | 129.32 | OK | |||
r-devel-linux-x86_64-fedora-gcc | 0.3.4 | 121.68 | OK | |||
r-devel-windows-ix86+x86_64 | 0.3.4 | 40.00 | 108.00 | 148.00 | NOTE | |
r-patched-linux-x86_64 | 0.3.4 | 24.73 | 70.45 | 95.18 | OK | |
r-patched-solaris-x86 | 0.3.4 | 155.90 | NOTE | |||
r-release-linux-x86_64 | 0.3.4 | 25.99 | 68.74 | 94.73 | OK | |
r-release-macos-x86_64 | 0.3.4 | OK | ||||
r-release-windows-ix86+x86_64 | 0.3.4 | 44.00 | 147.00 | 191.00 | NOTE | |
r-oldrel-macos-x86_64 | 0.3.4 | OK | ||||
r-oldrel-windows-ix86+x86_64 | 0.3.4 | 25.00 | 112.00 | 137.00 | NOTE |
Version: 0.3.4
Check: package dependencies
Result: NOTE
Package suggested but not available for checking: 'rsyslog'
Flavors: r-devel-windows-ix86+x86_64, r-release-windows-ix86+x86_64, r-oldrel-windows-ix86+x86_64
Version: 0.3.4
Check: Rd cross-references
Result: NOTE
Package unavailable to check Rd xrefs: 'rsyslog'
Flavors: r-devel-windows-ix86+x86_64, r-release-windows-ix86+x86_64, r-oldrel-windows-ix86+x86_64
Version: 0.3.4
Check: package dependencies
Result: NOTE
Package suggested but not available for checking: ‘RPostgres’
Flavor: r-patched-solaris-x86