Last updated on 2020-09-17 02:08:15 CEST.
Flavor | Version | Tinstall | Tcheck | Ttotal | Status | Flags |
---|---|---|---|---|---|---|
r-devel-linux-x86_64-debian-clang | 1.3 | 4.16 | 74.21 | 78.37 | OK | |
r-devel-linux-x86_64-debian-gcc | 1.3 | 3.29 | 57.84 | 61.13 | OK | |
r-devel-linux-x86_64-fedora-clang | 1.3 | 108.40 | NOTE | |||
r-devel-linux-x86_64-fedora-gcc | 1.3 | 98.54 | OK | |||
r-devel-windows-ix86+x86_64 | 1.3 | 9.00 | 113.00 | 122.00 | OK | |
r-patched-linux-x86_64 | 1.3 | 3.84 | 75.94 | 79.78 | OK | |
r-patched-solaris-x86 | 1.3 | 142.40 | OK | |||
r-release-linux-x86_64 | 1.3 | 4.26 | 76.63 | 80.89 | OK | |
r-release-macos-x86_64 | 1.3 | OK | ||||
r-release-windows-ix86+x86_64 | 1.3 | 9.00 | 108.00 | 117.00 | OK | |
r-oldrel-macos-x86_64 | 1.3 | OK | ||||
r-oldrel-windows-ix86+x86_64 | 1.3 | 5.00 | 103.00 | 108.00 | OK |
Version: 1.3
Check: Rd cross-references
Result: NOTE
Undeclared package ‘future’ in Rd xrefs
Flavor: r-devel-linux-x86_64-fedora-clang