CRAN Package Check Results for Package lilikoi

Last updated on 2020-09-17 02:08:15 CEST.

Flavor Version Tinstall Tcheck Ttotal Status Flags
r-devel-linux-x86_64-debian-clang 2.0.1 55.68 483.91 539.59 OK
r-devel-linux-x86_64-debian-gcc 2.0.1 42.67 367.53 410.20 OK
r-devel-linux-x86_64-fedora-clang 2.0.1 703.02 NOTE
r-devel-linux-x86_64-fedora-gcc 2.0.1 700.44 OK
r-devel-windows-ix86+x86_64 2.0.1 229.00 715.00 944.00 OK
r-patched-linux-x86_64 2.0.1 39.21 468.07 507.28 OK
r-release-linux-x86_64 2.0.1 42.19 473.88 516.07 OK
r-release-macos-x86_64 2.0.1 ERROR
r-release-windows-ix86+x86_64 2.0.1 188.00 670.00 858.00 OK
r-oldrel-macos-x86_64 2.0.1 ERROR
r-oldrel-windows-ix86+x86_64 2.0.1 179.00 649.00 828.00 OK

Check Details

Version: 2.0.1
Check: package dependencies
Result: NOTE
    Imports includes 26 non-default packages.
    Importing from so many packages makes the package vulnerable to any of
    them becoming unavailable. Move as many as possible to Suggests and
    use conditionally.
Flavor: r-devel-linux-x86_64-fedora-clang

Version: 2.0.1
Check: package dependencies
Result: ERROR
    Packages required but not available: 'M3C', 'pathifier', 'pathview'
    
    See section ‘The DESCRIPTION file’ in the ‘Writing R Extensions’
    manual.
Flavors: r-release-macos-x86_64, r-oldrel-macos-x86_64