Last updated on 2020-09-17 02:08:15 CEST.
Flavor | Version | Tinstall | Tcheck | Ttotal | Status | Flags |
---|---|---|---|---|---|---|
r-devel-linux-x86_64-debian-clang | 0.5.1 | 47.38 | 157.14 | 204.52 | OK | |
r-devel-linux-x86_64-debian-gcc | 0.5.1 | 35.22 | 130.26 | 165.48 | OK | |
r-devel-linux-x86_64-fedora-clang | 0.5.1 | 265.28 | OK | |||
r-devel-linux-x86_64-fedora-gcc | 0.5.1 | 263.99 | OK | |||
r-devel-windows-ix86+x86_64 | 0.5.1 | 112.00 | 323.00 | 435.00 | OK | |
r-patched-linux-x86_64 | 0.5.1 | 36.80 | 161.92 | 198.72 | OK | |
r-patched-solaris-x86 | 0.5.1 | 481.00 | WARN | |||
r-release-linux-x86_64 | 0.5.1 | 37.10 | 162.07 | 199.17 | OK | |
r-release-macos-x86_64 | 0.5.1 | WARN | ||||
r-release-windows-ix86+x86_64 | 0.5.1 | 112.00 | 310.00 | 422.00 | OK | |
r-oldrel-macos-x86_64 | 0.5.1 | WARN | ||||
r-oldrel-windows-ix86+x86_64 | 0.5.1 | 102.00 | 293.00 | 395.00 | OK |
Version: 0.5.1
Check: package dependencies
Result: NOTE
Package suggested but not available for checking: ‘h2o’
Flavor: r-patched-solaris-x86
Version: 0.5.1
Check: re-building of vignette outputs
Result: WARN
Error(s) in re-building vignettes:
...
--- re-building ‘Understanding_lime.Rmd’ using rmarkdown
Warning in engine$weave(file, quiet = quiet, encoding = enc) :
Pandoc (>= 1.12.3) and/or pandoc-citeproc not available. Falling back to R Markdown v1.
Quitting from lines 262-263 (Understanding_lime.Rmd)
Error: processing vignette 'Understanding_lime.Rmd' failed with diagnostics:
there is no package called 'webshot'
--- failed re-building ‘Understanding_lime.Rmd’
SUMMARY: processing the following file failed:
‘Understanding_lime.Rmd’
Error: Vignette re-building failed.
Execution halted
Flavor: r-patched-solaris-x86
Version: 0.5.1
Check: re-building of vignette outputs
Result: WARN
Error(s) in re-building vignettes:
...
--- re-building ‘Understanding_lime.Rmd’ using rmarkdown
Warning in engine$weave(file, quiet = quiet, encoding = enc) :
Pandoc (>= 1.12.3) and/or pandoc-citeproc not available. Falling back to R Markdown v1.
Quitting from lines 262-263 (Understanding_lime.Rmd)
Error: processing vignette 'Understanding_lime.Rmd' failed with diagnostics:
cannot open the connection
--- failed re-building ‘Understanding_lime.Rmd’
SUMMARY: processing the following file failed:
‘Understanding_lime.Rmd’
Error: Vignette re-building failed.
Execution halted
Flavors: r-release-macos-x86_64, r-oldrel-macos-x86_64