CRAN Package Check Results for Package lisp

Last updated on 2020-09-17 02:08:15 CEST.

Flavor Version Tinstall Tcheck Ttotal Status Flags
r-devel-linux-x86_64-debian-clang 0.1 2.07 18.59 20.66 NOTE
r-devel-linux-x86_64-debian-gcc 0.1 1.63 15.19 16.82 NOTE
r-devel-linux-x86_64-fedora-clang 0.1 35.12 NOTE
r-devel-linux-x86_64-fedora-gcc 0.1 25.09 NOTE
r-devel-windows-ix86+x86_64 0.1 5.00 36.00 41.00 NOTE
r-patched-linux-x86_64 0.1 1.84 19.18 21.02 NOTE
r-patched-solaris-x86 0.1 39.90 NOTE
r-release-linux-x86_64 0.1 2.04 18.96 21.00 NOTE
r-release-macos-x86_64 0.1 NOTE
r-release-windows-ix86+x86_64 0.1 5.00 34.00 39.00 NOTE
r-oldrel-macos-x86_64 0.1 NOTE
r-oldrel-windows-ix86+x86_64 0.1 5.00 32.00 37.00 NOTE

Check Details

Version: 0.1
Check: top-level files
Result: NOTE
    Non-standard file/directory found at top level:
     'package.R'
Flavors: r-devel-linux-x86_64-debian-clang, r-devel-linux-x86_64-debian-gcc, r-devel-linux-x86_64-fedora-clang, r-devel-linux-x86_64-fedora-gcc, r-patched-linux-x86_64, r-release-linux-x86_64

Version: 0.1
Check: R code for possible problems
Result: NOTE
    last: no visible global function definition for 'tail'
    Undefined global functions or variables:
     tail
    Consider adding
     importFrom("utils", "tail")
    to your NAMESPACE file.
Flavors: r-devel-linux-x86_64-debian-clang, r-devel-linux-x86_64-debian-gcc, r-devel-linux-x86_64-fedora-clang, r-devel-linux-x86_64-fedora-gcc, r-devel-windows-ix86+x86_64, r-patched-linux-x86_64, r-patched-solaris-x86, r-release-linux-x86_64, r-release-macos-x86_64, r-release-windows-ix86+x86_64, r-oldrel-macos-x86_64, r-oldrel-windows-ix86+x86_64