CRAN Package Check Results for Package lpme

Last updated on 2020-09-17 02:08:15 CEST.

Flavor Version Tinstall Tcheck Ttotal Status Flags
r-devel-linux-x86_64-debian-clang 1.1.1 144.16 45.57 189.73 OK
r-devel-linux-x86_64-debian-gcc 1.1.1 116.48 33.90 150.38 OK
r-devel-linux-x86_64-fedora-clang 1.1.1 281.29 NOTE
r-devel-linux-x86_64-fedora-gcc 1.1.1 263.61 OK
r-devel-windows-ix86+x86_64 1.1.1 349.00 113.00 462.00 OK
r-patched-linux-x86_64 1.1.1 125.85 44.71 170.56 OK
r-patched-solaris-x86 1.1.1 231.40 OK
r-release-linux-x86_64 1.1.1 121.64 44.16 165.80 OK
r-release-macos-x86_64 1.1.1 NOTE
r-release-windows-ix86+x86_64 1.1.1 354.00 87.00 441.00 OK
r-oldrel-macos-x86_64 1.1.1 OK
r-oldrel-windows-ix86+x86_64 1.1.1 238.00 105.00 343.00 OK

Check Details

Version: 1.1.1
Check: installed package size
Result: NOTE
     installed size is 7.6Mb
     sub-directories of 1Mb or more:
     libs 7.4Mb
Flavors: r-devel-linux-x86_64-fedora-clang, r-release-macos-x86_64