CRAN Package Check Results for Package lvnet

Last updated on 2020-09-17 02:08:15 CEST.

Flavor Version Tinstall Tcheck Ttotal Status Flags
r-devel-linux-x86_64-debian-clang 0.3.5 17.57 150.25 167.82 OK
r-devel-linux-x86_64-debian-gcc 0.3.5 15.21 110.32 125.53 OK
r-devel-linux-x86_64-fedora-clang 0.3.5 230.58 OK
r-devel-linux-x86_64-fedora-gcc 0.3.5 215.52 OK
r-devel-windows-ix86+x86_64 0.3.5 45.00 183.00 228.00 OK
r-patched-linux-x86_64 0.3.5 16.21 141.22 157.43 OK
r-patched-solaris-x86 0.3.5 293.60 ERROR
r-release-linux-x86_64 0.3.5 15.00 143.04 158.04 OK
r-release-macos-x86_64 0.3.5 OK
r-release-windows-ix86+x86_64 0.3.5 42.00 137.00 179.00 OK
r-oldrel-macos-x86_64 0.3.5 OK
r-oldrel-windows-ix86+x86_64 0.3.5 39.00 166.00 205.00 OK

Check Details

Version: 0.3.5
Check: examples
Result: ERROR
    Running examples in ‘lvnet-Ex.R’ failed
    The error most likely occurred in:
    
    > ### Name: lvnet
    > ### Title: Confirmatory Latent Variable Network Models
    > ### Aliases: lvnet
    >
    > ### ** Examples
    >
    > # Load dataset:
    > library("lavaan")
    This is lavaan 0.6-7
    lavaan is BETA software! Please report any bugs.
    
    Attaching package: ‘lavaan’
    
    The following object is masked from ‘package:OpenMx’:
    
     vech
    
    > data(HolzingerSwineford1939)
    > Data <- HolzingerSwineford1939[,7:15]
    >
    > # Measurement model:
    > Lambda <- matrix(0, 9, 3)
    > Lambda[1:3,1] <- NA
    > Lambda[4:6,2] <- NA
    > Lambda[7:9,3] <- NA
    >
    > # Fit CFA model:
    > CFA <- lvnet(Data, lambda = Lambda)
    Error: C stack usage 332043412 is too close to the limit
    Error: The job for model 'model' exited abnormally with the error message: User interrupt
    Execution halted
Flavor: r-patched-solaris-x86