CRAN Package Check Results for Package m2b

Last updated on 2020-09-17 02:08:15 CEST.

Flavor Version Tinstall Tcheck Ttotal Status Flags
r-devel-linux-x86_64-debian-clang 1.0 5.75 78.62 84.37 OK
r-devel-linux-x86_64-debian-gcc 1.0 4.58 59.50 64.08 OK
r-devel-linux-x86_64-fedora-clang 1.0 111.23 NOTE
r-devel-linux-x86_64-fedora-gcc 1.0 101.07 NOTE
r-devel-windows-ix86+x86_64 1.0 13.00 113.00 126.00 OK
r-patched-linux-x86_64 1.0 6.22 76.25 82.47 OK
r-patched-solaris-x86 1.0 143.30 NOTE
r-release-linux-x86_64 1.0 5.94 76.34 82.28 OK
r-release-macos-x86_64 1.0 NOTE
r-release-windows-ix86+x86_64 1.0 15.00 108.00 123.00 OK
r-oldrel-macos-x86_64 1.0 NOTE
r-oldrel-windows-ix86+x86_64 1.0 10.00 104.00 114.00 OK

Check Details

Version: 1.0
Check: dependencies in R code
Result: NOTE
    Namespaces in Imports field not imported from:
     ‘e1071’ ‘utils’
     All declared Imports should be used.
Flavors: r-devel-linux-x86_64-fedora-clang, r-devel-linux-x86_64-fedora-gcc, r-patched-solaris-x86, r-release-macos-x86_64, r-oldrel-macos-x86_64