Last updated on 2020-09-17 02:08:16 CEST.
Flavor | Version | Tinstall | Tcheck | Ttotal | Status | Flags |
---|---|---|---|---|---|---|
r-devel-linux-x86_64-debian-clang | 2.0.1 | 3.87 | 231.89 | 235.76 | OK | |
r-devel-linux-x86_64-debian-gcc | 2.0.1 | 3.14 | 167.52 | 170.66 | OK | |
r-devel-linux-x86_64-fedora-clang | 2.0.1 | 276.52 | NOTE | |||
r-devel-linux-x86_64-fedora-gcc | 2.0.1 | 274.91 | OK | |||
r-devel-windows-ix86+x86_64 | 2.0.1 | 9.00 | 296.00 | 305.00 | OK | |
r-patched-linux-x86_64 | 2.0.1 | 4.24 | 227.60 | 231.84 | OK | |
r-patched-solaris-x86 | 2.0.1 | 334.70 | OK | |||
r-release-linux-x86_64 | 2.0.1 | 4.16 | 228.06 | 232.22 | OK | |
r-release-macos-x86_64 | 2.0.1 | OK | ||||
r-release-windows-ix86+x86_64 | 2.0.1 | 8.00 | 295.00 | 303.00 | OK | |
r-oldrel-macos-x86_64 | 2.0.1 | OK | ||||
r-oldrel-windows-ix86+x86_64 | 2.0.1 | 5.00 | 279.00 | 284.00 | OK |
Version: 2.0.1
Check: Rd cross-references
Result: NOTE
Undeclared packages ‘sae’, ‘rsae’, ‘JoSAE’ in Rd xrefs
Flavor: r-devel-linux-x86_64-fedora-clang