Last updated on 2020-09-17 02:08:16 CEST.
Flavor | Version | Tinstall | Tcheck | Ttotal | Status | Flags |
---|---|---|---|---|---|---|
r-devel-linux-x86_64-debian-clang | 0.1.15 | 10.15 | 117.97 | 128.12 | NOTE | |
r-devel-linux-x86_64-debian-gcc | 0.1.15 | 7.95 | 89.14 | 97.09 | NOTE | |
r-devel-linux-x86_64-fedora-clang | 0.1.15 | 163.66 | NOTE | |||
r-devel-linux-x86_64-fedora-gcc | 0.1.15 | 164.99 | NOTE | |||
r-devel-windows-ix86+x86_64 | 0.1.15 | 25.00 | 160.00 | 185.00 | OK | |
r-patched-linux-x86_64 | 0.1.15 | 10.44 | 115.70 | 126.14 | NOTE | |
r-patched-solaris-x86 | 0.1.15 | 219.40 | NOTE | |||
r-release-linux-x86_64 | 0.1.15 | 9.71 | 118.88 | 128.59 | NOTE | |
r-release-macos-x86_64 | 0.1.15 | NOTE | ||||
r-release-windows-ix86+x86_64 | 0.1.15 | 23.00 | 114.00 | 137.00 | OK | |
r-oldrel-macos-x86_64 | 0.1.15 | NOTE | ||||
r-oldrel-windows-ix86+x86_64 | 0.1.15 | 27.00 | 136.00 | 163.00 | OK |
Version: 0.1.15
Check: package dependencies
Result: NOTE
Package suggested but not available for checking: 'flare'
Flavors: r-devel-linux-x86_64-debian-clang, r-devel-linux-x86_64-debian-gcc, r-devel-linux-x86_64-fedora-clang, r-devel-linux-x86_64-fedora-gcc, r-patched-linux-x86_64, r-patched-solaris-x86, r-release-linux-x86_64, r-release-macos-x86_64
Version: 0.1.15
Check: dependencies in R code
Result: NOTE
Namespaces in Imports field not imported from:
‘MASS’ ‘lars’ ‘methods’ ‘parallel’ ‘smoothmest’
All declared Imports should be used.
Flavors: r-devel-linux-x86_64-fedora-clang, r-devel-linux-x86_64-fedora-gcc, r-patched-solaris-x86, r-release-macos-x86_64, r-oldrel-macos-x86_64