CRAN Package Check Results for Package medfate

Last updated on 2020-09-17 02:08:16 CEST.

Flavor Version Tinstall Tcheck Ttotal Status Flags
r-devel-linux-x86_64-debian-clang 1.0.0 331.54 322.01 653.55 OK
r-devel-linux-x86_64-debian-gcc 1.0.0 327.95 236.52 564.47 OK
r-devel-linux-x86_64-fedora-clang 1.0.0 894.66 NOTE
r-devel-linux-x86_64-fedora-gcc 1.0.0 963.05 OK
r-devel-windows-ix86+x86_64 1.0.0 728.00 498.00 1226.00 NOTE
r-patched-linux-x86_64 1.0.0 411.40 313.92 725.32 OK
r-patched-solaris-x86 1.0.0 972.70 NOTE
r-release-linux-x86_64 1.0.0 407.21 317.66 724.87 OK
r-release-macos-x86_64 1.0.0 NOTE
r-release-windows-ix86+x86_64 1.0.0 714.00 507.00 1221.00 NOTE
r-oldrel-macos-x86_64 1.0.0 NOTE
r-oldrel-windows-ix86+x86_64 1.0.0 593.00 476.00 1069.00 NOTE

Check Details

Version: 1.0.0
Check: installed package size
Result: NOTE
     installed size is 39.0Mb
     sub-directories of 1Mb or more:
     doc 2.9Mb
     libs 35.2Mb
Flavors: r-devel-linux-x86_64-fedora-clang, r-devel-windows-ix86+x86_64, r-patched-solaris-x86, r-release-macos-x86_64, r-release-windows-ix86+x86_64, r-oldrel-macos-x86_64, r-oldrel-windows-ix86+x86_64