CRAN Package Check Results for Package memapp

Last updated on 2020-09-17 02:08:16 CEST.

Flavor Version Tinstall Tcheck Ttotal Status Flags
r-devel-linux-x86_64-debian-clang 2.14 3.12 29.64 32.76 OK
r-devel-linux-x86_64-debian-gcc 2.14 2.85 23.43 26.28 OK
r-devel-linux-x86_64-fedora-clang 2.14 51.75 NOTE
r-devel-linux-x86_64-fedora-gcc 2.14 41.02 NOTE
r-devel-windows-ix86+x86_64 2.13 11.00 61.00 72.00 OK
r-patched-linux-x86_64 2.14 2.27 29.52 31.79 OK
r-patched-solaris-x86 2.14 62.50 NOTE
r-release-linux-x86_64 2.14 2.41 29.89 32.30 OK
r-release-macos-x86_64 2.14 NOTE
r-release-windows-ix86+x86_64 2.14 11.00 54.00 65.00 OK
r-oldrel-macos-x86_64 2.14 NOTE
r-oldrel-windows-ix86+x86_64 2.14 7.00 37.00 44.00 OK

Check Details

Version: 2.14
Check: package dependencies
Result: NOTE
    Imports includes 21 non-default packages.
    Importing from so many packages makes the package vulnerable to any of
    them becoming unavailable. Move as many as possible to Suggests and
    use conditionally.
Flavor: r-devel-linux-x86_64-fedora-clang

Version: 2.14
Check: dependencies in R code
Result: NOTE
    Namespaces in Imports field not imported from:
     ‘DT’ ‘RColorBrewer’ ‘RODBC’ ‘dplyr’ ‘foreign’ ‘formattable’ ‘ggplot2’
     ‘haven’ ‘mem’ ‘openxlsx’ ‘plotly’ ‘readxl’ ‘shinyBS’ ‘shinyWidgets’
     ‘shinydashboard’ ‘shinyjs’ ‘shinythemes’ ‘stringi’ ‘stringr’ ‘tidyr’
     All declared Imports should be used.
Flavors: r-devel-linux-x86_64-fedora-clang, r-devel-linux-x86_64-fedora-gcc, r-patched-solaris-x86, r-release-macos-x86_64, r-oldrel-macos-x86_64