CRAN Package Check Results for Package memery

Last updated on 2020-09-17 02:08:16 CEST.

Flavor Version Tinstall Tcheck Ttotal Status Flags
r-devel-linux-x86_64-debian-clang 0.5.2 3.38 58.49 61.87 NOTE
r-devel-linux-x86_64-debian-gcc 0.5.2 2.35 44.63 46.98 NOTE
r-devel-linux-x86_64-fedora-clang 0.5.2 85.13 NOTE
r-devel-linux-x86_64-fedora-gcc 0.5.2 77.08 NOTE
r-devel-windows-ix86+x86_64 0.5.2 10.00 102.00 112.00 OK
r-patched-linux-x86_64 0.5.2 3.15 56.37 59.52 NOTE
r-patched-solaris-x86 0.5.2 104.60 NOTE
r-release-linux-x86_64 0.5.2 3.11 56.86 59.97 NOTE
r-release-macos-x86_64 0.5.2 NOTE
r-release-windows-ix86+x86_64 0.5.2 11.00 98.00 109.00 OK
r-oldrel-macos-x86_64 0.5.2 NOTE
r-oldrel-windows-ix86+x86_64 0.5.2 14.00 93.00 107.00 OK

Check Details

Version: 0.5.2
Check: for non-standard things in the check directory
Result: NOTE
    Found the following files/directories:
     'meme_data2.jpg'
Flavors: r-devel-linux-x86_64-debian-clang, r-devel-linux-x86_64-debian-gcc, r-devel-linux-x86_64-fedora-clang, r-devel-linux-x86_64-fedora-gcc, r-patched-linux-x86_64, r-patched-solaris-x86, r-release-linux-x86_64

Version: 0.5.2
Check: dependencies in R code
Result: NOTE
    Namespaces in Imports field not imported from:
     ‘colourpicker’ ‘shinyBS’ ‘shinycssloaders’
     All declared Imports should be used.
Flavors: r-devel-linux-x86_64-fedora-clang, r-devel-linux-x86_64-fedora-gcc, r-patched-solaris-x86, r-release-macos-x86_64, r-oldrel-macos-x86_64

Version: 0.5.2
Check: package dependencies
Result: NOTE
    Package suggested but not available for checking: ‘gifski’
Flavor: r-patched-solaris-x86