CRAN Package Check Results for Package memochange

Last updated on 2020-09-17 02:08:16 CEST.

Flavor Version Tinstall Tcheck Ttotal Status Flags
r-devel-linux-x86_64-debian-clang 1.1.1 5.22 130.25 135.47 OK
r-devel-linux-x86_64-debian-gcc 1.1.1 4.56 92.35 96.91 OK
r-devel-linux-x86_64-fedora-clang 1.1.1 163.03 NOTE
r-devel-linux-x86_64-fedora-gcc 1.1.1 160.02 NOTE
r-devel-windows-ix86+x86_64 1.1.1 12.00 169.00 181.00 OK
r-patched-linux-x86_64 1.1.1 5.23 128.00 133.23 OK
r-patched-solaris-x86 1.1.1 219.30 NOTE
r-release-linux-x86_64 1.1.1 4.91 128.92 133.83 OK
r-release-macos-x86_64 1.1.1 NOTE
r-release-windows-ix86+x86_64 1.1.1 12.00 164.00 176.00 OK
r-oldrel-macos-x86_64 1.1.1 NOTE
r-oldrel-windows-ix86+x86_64 1.1.1 7.00 155.00 162.00 OK

Check Details

Version: 1.1.1
Check: dependencies in R code
Result: NOTE
    Namespace in Imports field not imported from: ‘urca’
     All declared Imports should be used.
Flavors: r-devel-linux-x86_64-fedora-clang, r-devel-linux-x86_64-fedora-gcc, r-patched-solaris-x86, r-release-macos-x86_64, r-oldrel-macos-x86_64