CRAN Package Check Results for Package mgcViz

Last updated on 2020-09-17 02:08:16 CEST.

Flavor Version Tinstall Tcheck Ttotal Status Flags
r-devel-linux-x86_64-debian-clang 0.1.6 21.35 326.49 347.84 OK
r-devel-linux-x86_64-debian-gcc 0.1.6 16.91 252.50 269.41 OK
r-devel-linux-x86_64-fedora-clang 0.1.6 422.46 NOTE
r-devel-linux-x86_64-fedora-gcc 0.1.6 409.29 OK
r-devel-windows-ix86+x86_64 0.1.6 42.00 517.00 559.00 NOTE
r-patched-linux-x86_64 0.1.6 21.17 305.39 326.56 OK
r-patched-solaris-x86 0.1.6 513.90 NOTE
r-release-linux-x86_64 0.1.6 18.61 308.97 327.58 OK
r-release-macos-x86_64 0.1.6 NOTE
r-release-windows-ix86+x86_64 0.1.6 46.00 497.00 543.00 NOTE
r-oldrel-macos-x86_64 0.1.6 WARN
r-oldrel-windows-ix86+x86_64 0.1.6 42.00 505.00 547.00 NOTE

Check Details

Version: 0.1.6
Check: installed package size
Result: NOTE
     installed size is 5.1Mb
     sub-directories of 1Mb or more:
     doc 4.4Mb
Flavors: r-devel-linux-x86_64-fedora-clang, r-devel-windows-ix86+x86_64, r-patched-solaris-x86, r-release-macos-x86_64, r-release-windows-ix86+x86_64, r-oldrel-macos-x86_64, r-oldrel-windows-ix86+x86_64

Version: 0.1.6
Check: whether package can be installed
Result: WARN
    Found the following significant warnings:
     Warning: 'rgl.init' failed, running with 'rgl.useNULL = TRUE'.
Flavor: r-oldrel-macos-x86_64