Last updated on 2020-09-17 02:08:16 CEST.
Flavor | Version | Tinstall | Tcheck | Ttotal | Status | Flags |
---|---|---|---|---|---|---|
r-devel-linux-x86_64-debian-clang | 1.8-33 | 103.29 | 479.27 | 582.56 | OK | |
r-devel-linux-x86_64-debian-gcc | 1.8-33 | 68.69 | 359.03 | 427.72 | OK | |
r-devel-linux-x86_64-fedora-clang | 1.8-33 | 725.04 | NOTE | |||
r-devel-linux-x86_64-fedora-gcc | 1.8-33 | 707.85 | OK | |||
r-devel-windows-ix86+x86_64 | 1.8-33 | 162.00 | 843.00 | 1005.00 | OK | |
r-patched-linux-x86_64 | 1.8-33 | 82.60 | 473.74 | 556.34 | OK | |
r-patched-solaris-x86 | 1.8-33 | OK | ||||
r-release-linux-x86_64 | 1.8-33 | 88.04 | 480.81 | 568.85 | OK | |
r-release-macos-x86_64 | 1.8-33 | OK | ||||
r-release-windows-ix86+x86_64 | 1.8-33 | 175.00 | 651.00 | 826.00 | OK | |
r-oldrel-macos-x86_64 | 1.8-33 | OK | ||||
r-oldrel-windows-ix86+x86_64 | 1.8-33 | 113.00 | 806.00 | 919.00 | OK |
Version: 1.8-33
Check: Rd cross-references
Result: NOTE
Undeclared package ‘gam’ in Rd xrefs
Flavor: r-devel-linux-x86_64-fedora-clang