CRAN Package Check Results for Package microsynth

Last updated on 2020-09-17 02:08:16 CEST.

Flavor Version Tinstall Tcheck Ttotal Status Flags
r-devel-linux-x86_64-debian-clang 2.0.13 6.80 105.84 112.64 OK
r-devel-linux-x86_64-debian-gcc 2.0.13 6.68 75.48 82.16 OK
r-devel-linux-x86_64-fedora-clang 2.0.13 141.25 NOTE
r-devel-linux-x86_64-fedora-gcc 2.0.13 129.89 NOTE
r-devel-windows-ix86+x86_64 2.0.13 12.00 172.00 184.00 OK
r-patched-linux-x86_64 2.0.13 7.45 101.44 108.89 OK
r-patched-solaris-x86 2.0.13 177.20 NOTE
r-release-linux-x86_64 2.0.13 8.56 101.62 110.18 OK
r-release-macos-x86_64 2.0.13 NOTE
r-release-windows-ix86+x86_64 2.0.13 13.00 130.00 143.00 OK
r-oldrel-macos-x86_64 2.0.13 NOTE
r-oldrel-windows-ix86+x86_64 2.0.13 8.00 125.00 133.00 OK

Check Details

Version: 2.0.13
Check: dependencies in R code
Result: NOTE
    Namespace in Imports field not imported from: ‘MASS’
     All declared Imports should be used.
Flavors: r-devel-linux-x86_64-fedora-clang, r-devel-linux-x86_64-fedora-gcc, r-patched-solaris-x86, r-release-macos-x86_64, r-oldrel-macos-x86_64