Last updated on 2020-09-17 02:08:16 CEST.
Flavor | Version | Tinstall | Tcheck | Ttotal | Status | Flags |
---|---|---|---|---|---|---|
r-devel-linux-x86_64-debian-clang | 0.1.4 | 69.94 | 26.67 | 96.61 | OK | |
r-devel-linux-x86_64-debian-gcc | 0.1.4 | 55.67 | 20.72 | 76.39 | OK | |
r-devel-linux-x86_64-fedora-clang | 0.1.4 | 151.40 | NOTE | |||
r-devel-linux-x86_64-fedora-gcc | 0.1.4 | 133.31 | NOTE | |||
r-devel-windows-ix86+x86_64 | 0.1.4 | 175.00 | 70.00 | 245.00 | OK | |
r-patched-linux-x86_64 | 0.1.4 | 58.11 | 26.31 | 84.42 | OK | |
r-patched-solaris-x86 | 0.1.4 | 129.90 | NOTE | |||
r-release-linux-x86_64 | 0.1.4 | 59.72 | 26.38 | 86.10 | OK | |
r-release-macos-x86_64 | 0.1.4 | NOTE | ||||
r-release-windows-ix86+x86_64 | 0.1.4 | 179.00 | 60.00 | 239.00 | OK | |
r-oldrel-macos-x86_64 | 0.1.4 | NOTE | ||||
r-oldrel-windows-ix86+x86_64 | 0.1.4 | 115.00 | 70.00 | 185.00 | OK |
Version: 0.1.4
Check: dependencies in R code
Result: NOTE
Namespaces in Imports field not imported from:
‘DiceDesign’ ‘MaxPro’ ‘doSNOW’ ‘gmp’ ‘jpeg’
All declared Imports should be used.
Flavors: r-devel-linux-x86_64-fedora-clang, r-devel-linux-x86_64-fedora-gcc, r-patched-solaris-x86, r-release-macos-x86_64, r-oldrel-macos-x86_64