CRAN Package Check Results for Package mlapi

Last updated on 2020-09-17 02:08:16 CEST.

Flavor Version Tinstall Tcheck Ttotal Status Flags
r-devel-linux-x86_64-debian-clang 0.1.0 6.35 23.91 30.26 NOTE
r-devel-linux-x86_64-debian-gcc 0.1.0 5.74 18.85 24.59 NOTE
r-devel-linux-x86_64-fedora-clang 0.1.0 46.28 NOTE
r-devel-linux-x86_64-fedora-gcc 0.1.0 37.99 NOTE
r-devel-windows-ix86+x86_64 0.1.0 9.00 43.00 52.00 NOTE
r-patched-linux-x86_64 0.1.0 6.07 23.25 29.32 NOTE
r-patched-solaris-x86 0.1.0 56.10 NOTE
r-release-linux-x86_64 0.1.0 7.06 23.53 30.59 NOTE
r-release-macos-x86_64 0.1.0 NOTE
r-release-windows-ix86+x86_64 0.1.0 12.00 30.00 42.00 NOTE
r-oldrel-macos-x86_64 0.1.0 NOTE
r-oldrel-windows-ix86+x86_64 0.1.0 6.00 39.00 45.00 OK

Check Details

Version: 0.1.0
Check: package vignettes
Result: NOTE
    Package vignette with placeholder title 'Vignette Title':
     'developing-with-mlapi.Rmd'
Flavors: r-devel-linux-x86_64-debian-clang, r-devel-linux-x86_64-debian-gcc, r-devel-windows-ix86+x86_64, r-patched-linux-x86_64, r-release-linux-x86_64, r-release-windows-ix86+x86_64

Version: 0.1.0
Check: dependencies in R code
Result: NOTE
    Namespaces in Imports field not imported from:
     ‘Matrix’ ‘R6’
     All declared Imports should be used.
Flavors: r-devel-linux-x86_64-fedora-clang, r-devel-linux-x86_64-fedora-gcc, r-patched-solaris-x86, r-release-macos-x86_64, r-oldrel-macos-x86_64