CRAN Package Check Results for Package mstDIF

Last updated on 2020-09-17 02:08:17 CEST.

Flavor Version Tinstall Tcheck Ttotal Status Flags
r-devel-linux-x86_64-debian-clang 0.1.6 8.12 182.60 190.72 OK
r-devel-linux-x86_64-debian-gcc 0.1.6 8.22 128.76 136.98 OK
r-devel-linux-x86_64-fedora-clang 0.1.6 234.24 OK
r-devel-linux-x86_64-fedora-gcc 0.1.6 214.85 OK
r-devel-windows-ix86+x86_64 0.1.6 22.00 230.00 252.00 OK
r-patched-linux-x86_64 0.1.6 11.00 162.00 173.00 OK
r-patched-solaris-x86 0.1.6 420.30 OK
r-release-linux-x86_64 0.1.6 9.93 165.23 175.16 OK
r-release-macos-x86_64 0.1.6 OK
r-release-windows-ix86+x86_64 0.1.6 22.00 232.00 254.00 OK
r-oldrel-macos-x86_64 0.1.6 ERROR

Check Details

Version: 0.1.6
Check: whether package can be installed
Result: ERROR
    Installation failed.
Flavor: r-oldrel-macos-x86_64