Last updated on 2020-09-17 02:08:17 CEST.
Flavor | Version | Tinstall | Tcheck | Ttotal | Status | Flags |
---|---|---|---|---|---|---|
r-devel-linux-x86_64-debian-clang | 2.0.1 | 11.71 | 657.20 | 668.91 | OK | |
r-devel-linux-x86_64-debian-gcc | 2.0.1 | 9.96 | 442.45 | 452.41 | OK | |
r-devel-linux-x86_64-fedora-clang | 2.0.1 | 772.63 | OK | |||
r-devel-linux-x86_64-fedora-gcc | 2.0.1 | 761.21 | OK | |||
r-devel-windows-ix86+x86_64 | 2.0.1 | 25.00 | 750.00 | 775.00 | OK | |
r-patched-linux-x86_64 | 2.0.1 | 11.32 | 607.06 | 618.38 | OK | |
r-patched-solaris-x86 | 2.0.1 | 1013.90 | OK | |||
r-release-linux-x86_64 | 2.0.1 | 11.16 | 623.17 | 634.33 | OK | |
r-release-macos-x86_64 | 2.0.1 | OK | ||||
r-release-windows-ix86+x86_64 | 2.0.1 | 24.00 | 747.00 | 771.00 | OK | |
r-oldrel-macos-x86_64 | 2.0.1 | NOTE | ||||
r-oldrel-windows-ix86+x86_64 | 2.0.1 | 35.00 | 727.00 | 762.00 | OK |
Version: 2.0.1
Check: package dependencies
Result: NOTE
Package suggested but not available for checking: ‘BSgenome.Hsapiens.UCSC.hg19’
Flavor: r-oldrel-macos-x86_64