Last updated on 2020-09-17 02:08:17 CEST.
Flavor | Version | Tinstall | Tcheck | Ttotal | Status | Flags |
---|---|---|---|---|---|---|
r-devel-linux-x86_64-debian-clang | 4.1.3 | 98.30 | 166.87 | 265.17 | OK | |
r-devel-linux-x86_64-debian-gcc | 4.1.3 | 72.63 | 122.13 | 194.76 | OK | |
r-devel-linux-x86_64-fedora-clang | 4.1.3 | 354.67 | OK | |||
r-devel-linux-x86_64-fedora-gcc | 4.1.3 | 334.82 | OK | |||
r-devel-windows-ix86+x86_64 | 4.1.3 | 218.00 | 325.00 | 543.00 | OK | |
r-patched-linux-x86_64 | 4.1.3 | 78.09 | 165.77 | 243.86 | OK | |
r-patched-solaris-x86 | 4.1.3 | 386.50 | OK | |||
r-release-linux-x86_64 | 4.1.3 | 77.59 | 163.47 | 241.06 | OK | |
r-release-macos-x86_64 | 4.1.3 | NOTE | ||||
r-release-windows-ix86+x86_64 | 4.1.3 | 219.00 | 254.00 | 473.00 | OK | |
r-oldrel-macos-x86_64 | 4.1.3 | NOTE | ||||
r-oldrel-windows-ix86+x86_64 | 4.1.3 | 161.00 | 305.00 | 466.00 | OK |
Version: 4.1.3
Check: installed package size
Result: NOTE
installed size is 6.6Mb
sub-directories of 1Mb or more:
libs 5.5Mb
Flavors: r-release-macos-x86_64, r-oldrel-macos-x86_64