CRAN Package Check Results for Package nCal

Last updated on 2020-09-17 02:08:17 CEST.

Flavor Version Tinstall Tcheck Ttotal Status Flags
r-devel-linux-x86_64-debian-clang 2020.9-10 15.11 127.28 142.39 OK
r-devel-linux-x86_64-debian-gcc 2020.9-10 13.07 96.90 109.97 OK
r-devel-linux-x86_64-fedora-clang 2020.9-10 183.36 OK
r-devel-linux-x86_64-fedora-gcc 2020.9-10 174.86 OK
r-devel-windows-ix86+x86_64 2020.5-21 34.00 158.00 192.00 OK
r-patched-linux-x86_64 2020.9-10 16.21 122.87 139.08 OK
r-patched-solaris-x86 2020.9-10 222.80 OK
r-release-linux-x86_64 2020.9-10 14.52 124.21 138.73 OK
r-release-macos-x86_64 2020.9-10 OK
r-release-windows-ix86+x86_64 2020.9-10 35.00 168.00 203.00 OK
r-oldrel-macos-x86_64 2020.9-10 NOTE
r-oldrel-windows-ix86+x86_64 2020.9-10 21.00 112.00 133.00 OK

Check Details

Version: 2020.9-10
Check: dependencies in R code
Result: NOTE
    No protocol specified
    No protocol specified
Flavor: r-oldrel-macos-x86_64