Last updated on 2020-09-17 02:08:17 CEST.
Flavor | Version | Tinstall | Tcheck | Ttotal | Status | Flags |
---|---|---|---|---|---|---|
r-devel-linux-x86_64-debian-clang | 0.9 | 6.26 | 59.22 | 65.48 | OK | |
r-devel-linux-x86_64-debian-gcc | 0.9 | 5.32 | 46.89 | 52.21 | OK | |
r-devel-linux-x86_64-fedora-clang | 0.9 | 90.93 | OK | |||
r-devel-linux-x86_64-fedora-gcc | 0.9 | 82.83 | OK | |||
r-devel-windows-ix86+x86_64 | 0.9 | 15.00 | 82.00 | 97.00 | OK | |
r-patched-linux-x86_64 | 0.9 | 6.50 | 58.96 | 65.46 | OK | |
r-patched-solaris-x86 | 0.9 | 115.40 | OK | |||
r-release-linux-x86_64 | 0.9 | 6.96 | 58.74 | 65.70 | OK | |
r-release-macos-x86_64 | 0.9 | OK | ||||
r-release-windows-ix86+x86_64 | 0.9 | 16.00 | 64.00 | 80.00 | OK | |
r-oldrel-macos-x86_64 | 0.9 | WARN | ||||
r-oldrel-windows-ix86+x86_64 | 0.9 | 15.00 | 83.00 | 98.00 | OK |
Version: 0.9
Check: whether package can be installed
Result: WARN
Found the following significant warnings:
Warning: 'rgl_init' failed, running with rgl.useNULL = TRUE
Flavor: r-oldrel-macos-x86_64