CRAN Package Check Results for Package ndl

Last updated on 2020-09-17 02:08:17 CEST.

Flavor Version Tinstall Tcheck Ttotal Status Flags
r-devel-linux-x86_64-debian-clang 0.2.18 25.27 63.77 89.04 OK
r-devel-linux-x86_64-debian-gcc 0.2.18 21.67 48.35 70.02 OK
r-devel-linux-x86_64-fedora-clang 0.2.18 126.45 NOTE
r-devel-linux-x86_64-fedora-gcc 0.2.18 113.35 NOTE
r-devel-windows-ix86+x86_64 0.2.18 63.00 144.00 207.00 OK
r-patched-linux-x86_64 0.2.18 18.60 64.12 82.72 OK
r-patched-solaris-x86 0.2.18 137.50 NOTE
r-release-linux-x86_64 0.2.18 19.67 64.09 83.76 OK
r-release-macos-x86_64 0.2.18 NOTE
r-release-windows-ix86+x86_64 0.2.18 65.00 111.00 176.00 OK
r-oldrel-macos-x86_64 0.2.18 NOTE
r-oldrel-windows-ix86+x86_64 0.2.18 61.00 134.00 195.00 OK

Check Details

Version: 0.2.18
Check: data for non-ASCII characters
Result: NOTE
     Note: found 7332 marked UTF-8 strings
Flavors: r-devel-linux-x86_64-fedora-clang, r-devel-linux-x86_64-fedora-gcc, r-patched-solaris-x86, r-release-macos-x86_64, r-oldrel-macos-x86_64