Last updated on 2020-09-17 02:08:18 CEST.
Flavor | Version | Tinstall | Tcheck | Ttotal | Status | Flags |
---|---|---|---|---|---|---|
r-devel-linux-x86_64-debian-clang | 0.3.9 | 6.85 | 66.15 | 73.00 | OK | |
r-devel-linux-x86_64-debian-gcc | 0.3.9 | 5.79 | 50.31 | 56.10 | OK | |
r-devel-linux-x86_64-fedora-clang | 0.3.9 | 99.54 | NOTE | |||
r-devel-linux-x86_64-fedora-gcc | 0.3.9 | 93.57 | NOTE | |||
r-devel-windows-ix86+x86_64 | 0.3.9 | 21.00 | 124.00 | 145.00 | OK | |
r-patched-linux-x86_64 | 0.3.9 | 6.45 | 64.28 | 70.73 | OK | |
r-patched-solaris-x86 | 0.3.9 | 123.70 | NOTE | |||
r-release-linux-x86_64 | 0.3.9 | 5.64 | 65.14 | 70.78 | OK | |
r-release-macos-x86_64 | 0.3.9 | NOTE | ||||
r-release-windows-ix86+x86_64 | 0.3.9 | 22.00 | 121.00 | 143.00 | OK | |
r-oldrel-macos-x86_64 | 0.3.9 | NOTE | ||||
r-oldrel-windows-ix86+x86_64 | 0.3.9 | 13.00 | 125.00 | 138.00 | OK |
Version: 0.3.9
Check: dependencies in R code
Result: NOTE
Namespace in Imports field not imported from: ‘s2’
All declared Imports should be used.
Flavors: r-devel-linux-x86_64-fedora-clang, r-devel-linux-x86_64-fedora-gcc, r-patched-solaris-x86, r-release-macos-x86_64, r-oldrel-macos-x86_64