CRAN Package Check Results for Package noaastormevents

Last updated on 2020-09-17 02:08:18 CEST.

Flavor Version Tinstall Tcheck Ttotal Status Flags
r-devel-linux-x86_64-debian-clang 0.1.1 6.78 52.38 59.16 NOTE
r-devel-linux-x86_64-debian-gcc 0.1.1 5.56 39.45 45.01 NOTE
r-devel-linux-x86_64-fedora-clang 0.1.1 80.25 NOTE
r-devel-linux-x86_64-fedora-gcc 0.1.1 70.77 NOTE
r-devel-windows-ix86+x86_64 0.1.1 18.00 75.00 93.00 NOTE
r-patched-linux-x86_64 0.1.1 4.23 50.20 54.43 NOTE
r-patched-solaris-x86 0.1.1 98.10 NOTE
r-release-linux-x86_64 0.1.1 5.25 50.34 55.59 NOTE
r-release-macos-x86_64 0.1.1 NOTE
r-release-windows-ix86+x86_64 0.1.1 15.00 79.00 94.00 NOTE
r-oldrel-macos-x86_64 0.1.1 NOTE
r-oldrel-windows-ix86+x86_64 0.1.1 12.00 69.00 81.00 NOTE

Check Details

Version: 0.1.1
Check: package dependencies
Result: NOTE
    Package suggested but not available for checking: 'hurricaneexposuredata'
Flavors: r-devel-linux-x86_64-debian-clang, r-devel-linux-x86_64-debian-gcc, r-devel-linux-x86_64-fedora-clang, r-devel-linux-x86_64-fedora-gcc, r-devel-windows-ix86+x86_64, r-patched-linux-x86_64, r-patched-solaris-x86, r-release-linux-x86_64, r-release-macos-x86_64, r-release-windows-ix86+x86_64, r-oldrel-macos-x86_64, r-oldrel-windows-ix86+x86_64

Version: 0.1.1
Check: dependencies in R code
Result: NOTE
    Namespaces in Imports field not imported from:
     ‘RColorBrewer’ ‘XML’ ‘choroplethr’ ‘choroplethrMaps’ ‘data.table’
     ‘forcats’ ‘hurricaneexposure’ ‘plyr’
     All declared Imports should be used.
Flavors: r-devel-linux-x86_64-fedora-clang, r-devel-linux-x86_64-fedora-gcc, r-patched-solaris-x86, r-release-macos-x86_64, r-oldrel-macos-x86_64