Last updated on 2020-09-17 02:08:18 CEST.
Flavor | Version | Tinstall | Tcheck | Ttotal | Status | Flags |
---|---|---|---|---|---|---|
r-devel-linux-x86_64-debian-clang | 1.9 | 26.66 | 87.67 | 114.33 | OK | |
r-devel-linux-x86_64-debian-gcc | 1.9 | 22.75 | 65.58 | 88.33 | OK | |
r-devel-linux-x86_64-fedora-clang | 1.9 | 155.89 | NOTE | |||
r-devel-linux-x86_64-fedora-gcc | 1.9 | 148.92 | NOTE | |||
r-devel-windows-ix86+x86_64 | 1.9 | 56.00 | 145.00 | 201.00 | OK | |
r-patched-linux-x86_64 | 1.9 | 22.40 | 85.83 | 108.23 | OK | |
r-patched-solaris-x86 | 1.9 | 189.90 | OK | |||
r-release-linux-x86_64 | 1.9 | 23.42 | 86.93 | 110.35 | OK | |
r-release-macos-x86_64 | 1.9 | OK | ||||
r-release-windows-ix86+x86_64 | 1.9 | 54.00 | 122.00 | 176.00 | OK | |
r-oldrel-macos-x86_64 | 1.9 | OK | ||||
r-oldrel-windows-ix86+x86_64 | 1.9 | 42.00 | 137.00 | 179.00 | OK |
Version: 1.9
Check: compiled code
Result: NOTE
File ‘nontarget/libs/nontarget.so’:
Found no calls to: ‘R_registerRoutines’, ‘R_useDynamicSymbols’
It is good practice to register native routines and to disable symbol
search.
See ‘Writing portable packages’ in the ‘Writing R Extensions’ manual.
Flavors: r-devel-linux-x86_64-fedora-clang, r-devel-linux-x86_64-fedora-gcc