Last updated on 2020-09-17 02:08:18 CEST.
Flavor | Version | Tinstall | Tcheck | Ttotal | Status | Flags |
---|---|---|---|---|---|---|
r-devel-linux-x86_64-debian-clang | 1.1-0 | 13.88 | 119.97 | 133.85 | OK | |
r-devel-linux-x86_64-debian-gcc | 1.1-0 | 13.04 | 92.31 | 105.35 | OK | |
r-devel-linux-x86_64-fedora-clang | 1.1-0 | 179.25 | NOTE | |||
r-devel-linux-x86_64-fedora-gcc | 1.1-0 | 169.42 | NOTE | |||
r-devel-windows-ix86+x86_64 | 1.1-0 | 35.00 | 143.00 | 178.00 | OK | |
r-patched-linux-x86_64 | 1.1-0 | 15.18 | 116.72 | 131.90 | OK | |
r-patched-solaris-x86 | 1.1-0 | 246.10 | NOTE | |||
r-release-linux-x86_64 | 1.1-0 | 15.71 | 118.15 | 133.86 | OK | |
r-release-macos-x86_64 | 1.1-0 | NOTE | ||||
r-release-windows-ix86+x86_64 | 1.1-0 | 36.00 | 139.00 | 175.00 | OK | |
r-oldrel-macos-x86_64 | 1.1-0 | NOTE | ||||
r-oldrel-windows-ix86+x86_64 | 1.1-0 | 20.00 | 144.00 | 164.00 | OK |
Version: 1.1-0
Check: dependencies in R code
Result: NOTE
Namespace in Imports field not imported from: ‘rts’
All declared Imports should be used.
Flavors: r-devel-linux-x86_64-fedora-clang, r-devel-linux-x86_64-fedora-gcc, r-patched-solaris-x86, r-release-macos-x86_64, r-oldrel-macos-x86_64