CRAN Package Check Results for Package oceanmap

Last updated on 2020-09-17 02:08:18 CEST.

Flavor Version Tinstall Tcheck Ttotal Status Flags
r-devel-linux-x86_64-debian-clang 0.1.1 18.34 158.38 176.72 OK
r-devel-linux-x86_64-debian-gcc 0.1.1 12.30 122.75 135.05 OK
r-devel-linux-x86_64-fedora-clang 0.1.1 222.63 NOTE
r-devel-linux-x86_64-fedora-gcc 0.1.1 219.10 OK
r-devel-windows-ix86+x86_64 0.1.1 45.00 228.00 273.00 NOTE
r-patched-linux-x86_64 0.1.1 13.97 149.40 163.37 OK
r-patched-solaris-x86 0.1.1 295.40 NOTE
r-release-linux-x86_64 0.1.1 15.48 149.65 165.13 OK
r-release-macos-x86_64 0.1.1 NOTE
r-release-windows-ix86+x86_64 0.1.1 51.00 170.00 221.00 NOTE
r-oldrel-macos-x86_64 0.1.1 NOTE
r-oldrel-windows-ix86+x86_64 0.1.1 26.00 214.00 240.00 NOTE

Check Details

Version: 0.1.1
Check: installed package size
Result: NOTE
     installed size is 6.2Mb
     sub-directories of 1Mb or more:
     R 1.5Mb
     test_files 4.2Mb
Flavors: r-devel-linux-x86_64-fedora-clang, r-devel-windows-ix86+x86_64, r-patched-solaris-x86, r-release-macos-x86_64, r-release-windows-ix86+x86_64, r-oldrel-macos-x86_64, r-oldrel-windows-ix86+x86_64