Last updated on 2020-09-17 02:08:18 CEST.
Flavor | Version | Tinstall | Tcheck | Ttotal | Status | Flags |
---|---|---|---|---|---|---|
r-devel-linux-x86_64-debian-clang | 0.5.0 | 13.47 | 103.00 | 116.47 | OK | |
r-devel-linux-x86_64-debian-gcc | 0.5.0 | 11.44 | 77.97 | 89.41 | OK | |
r-devel-linux-x86_64-fedora-clang | 0.5.0 | 153.17 | NOTE | |||
r-devel-linux-x86_64-fedora-gcc | 0.5.0 | 143.54 | NOTE | |||
r-devel-windows-ix86+x86_64 | 0.5.0 | 31.00 | 132.00 | 163.00 | OK | |
r-patched-linux-x86_64 | 0.5.0 | 14.13 | 98.89 | 113.02 | OK | |
r-patched-solaris-x86 | 0.5.0 | 199.80 | NOTE | |||
r-release-linux-x86_64 | 0.5.0 | 14.65 | 99.75 | 114.40 | OK | |
r-release-macos-x86_64 | 0.5.0 | NOTE | ||||
r-release-windows-ix86+x86_64 | 0.5.0 | 31.00 | 95.00 | 126.00 | OK | |
r-oldrel-macos-x86_64 | 0.5.0 | NOTE | ||||
r-oldrel-windows-ix86+x86_64 | 0.5.0 | 34.00 | 120.00 | 154.00 | OK |
Version: 0.5.0
Check: dependencies in R code
Result: NOTE
Namespaces in Imports field not imported from:
‘RColorBrewer’ ‘graphics’
All declared Imports should be used.
Flavors: r-devel-linux-x86_64-fedora-clang, r-devel-linux-x86_64-fedora-gcc, r-patched-solaris-x86, r-release-macos-x86_64, r-oldrel-macos-x86_64