Last updated on 2020-09-17 02:08:18 CEST.
Flavor | Version | Tinstall | Tcheck | Ttotal | Status | Flags |
---|---|---|---|---|---|---|
r-devel-linux-x86_64-debian-clang | 1.3.0 | 7.21 | 47.68 | 54.89 | OK | |
r-devel-linux-x86_64-debian-gcc | 1.3.0 | 4.72 | 36.28 | 41.00 | OK | |
r-devel-linux-x86_64-fedora-clang | 1.3.0 | 75.77 | OK | |||
r-devel-linux-x86_64-fedora-gcc | 1.3.0 | 65.12 | OK | |||
r-devel-windows-ix86+x86_64 | 1.3.0 | 15.00 | 71.00 | 86.00 | OK | |
r-patched-linux-x86_64 | 1.3.0 | 5.95 | 46.09 | 52.04 | OK | |
r-patched-solaris-x86 | 1.3.0 | 90.80 | OK | |||
r-release-linux-x86_64 | 1.3.0 | 7.02 | 47.95 | 54.97 | OK | |
r-release-macos-x86_64 | 1.3.0 | NOTE | ||||
r-release-windows-ix86+x86_64 | 1.3.0 | 16.00 | 51.00 | 67.00 | OK | |
r-oldrel-macos-x86_64 | 1.3.0 | NOTE | ||||
r-oldrel-windows-ix86+x86_64 | 1.3.0 | 7.00 | 67.00 | 74.00 | OK |
Version: 1.3.0
Check: package dependencies
Result: NOTE
Package suggested but not available for checking: ‘org.At.tair.db’
Flavor: r-release-macos-x86_64
Version: 1.3.0
Check: package dependencies
Result: NOTE
Packages suggested but not available for checking:
'GO.db', 'org.At.tair.db'
Flavor: r-oldrel-macos-x86_64