Last updated on 2020-09-17 02:08:18 CEST.
Flavor | Version | Tinstall | Tcheck | Ttotal | Status | Flags |
---|---|---|---|---|---|---|
r-devel-linux-x86_64-debian-clang | 2.4-1 | 94.10 | 40.53 | 134.63 | OK | |
r-devel-linux-x86_64-debian-gcc | 2.4-1 | 64.48 | 30.72 | 95.20 | OK | |
r-devel-linux-x86_64-fedora-clang | 2.4-1 | 206.60 | NOTE | |||
r-devel-linux-x86_64-fedora-gcc | 2.4-1 | 166.64 | OK | |||
r-devel-windows-ix86+x86_64 | 2.4-1 | 205.00 | 80.00 | 285.00 | OK | |
r-patched-linux-x86_64 | 2.4-1 | 69.88 | 40.18 | 110.06 | OK | |
r-patched-solaris-x86 | 2.4-1 | 268.50 | OK | |||
r-release-linux-x86_64 | 2.4-1 | 68.41 | 40.32 | 108.73 | OK | |
r-release-macos-x86_64 | 2.4-1 | NOTE | ||||
r-release-windows-ix86+x86_64 | 2.4-1 | 204.00 | 74.00 | 278.00 | OK | |
r-oldrel-macos-x86_64 | 2.4-1 | NOTE | ||||
r-oldrel-windows-ix86+x86_64 | 2.4-1 | 145.00 | 95.00 | 240.00 | OK |
Version: 2.4-1
Check: installed package size
Result: NOTE
installed size is 6.7Mb
sub-directories of 1Mb or more:
libs 6.5Mb
Flavors: r-devel-linux-x86_64-fedora-clang, r-release-macos-x86_64, r-oldrel-macos-x86_64