CRAN Package Check Results for Package padr

Last updated on 2020-09-17 02:08:18 CEST.

Flavor Version Tinstall Tcheck Ttotal Status Flags
r-devel-linux-x86_64-debian-clang 0.5.3 40.27 70.32 110.59 OK
r-devel-linux-x86_64-debian-gcc 0.5.3 28.83 53.44 82.27 OK
r-devel-linux-x86_64-fedora-clang 0.5.3 163.97 OK
r-devel-linux-x86_64-fedora-gcc 0.5.3 137.77 OK
r-devel-windows-ix86+x86_64 0.5.2 92.00 115.00 207.00 ERROR
r-patched-linux-x86_64 0.5.3 30.96 68.76 99.72 OK
r-patched-solaris-x86 0.5.3 159.40 OK
r-release-linux-x86_64 0.5.3 28.96 68.88 97.84 OK
r-release-macos-x86_64 0.5.3 OK
r-release-windows-ix86+x86_64 0.5.3 99.00 150.00 249.00 NOTE
r-oldrel-macos-x86_64 0.5.3 OK
r-oldrel-windows-ix86+x86_64 0.5.3 84.00 107.00 191.00 OK

Check Details

Version: 0.5.2
Check: installed package size
Result: NOTE
     installed size is 5.2Mb
     sub-directories of 1Mb or more:
     data 1.7Mb
     doc 1.3Mb
     libs 2.0Mb
Flavor: r-devel-windows-ix86+x86_64

Version: 0.5.2
Check: running tests for arch ‘i386’
Result: ERROR
     Running 'testthat.R' [11s]
    Running the tests in 'tests/testthat.R' failed.
    Complete output:
     > library(testthat)
     > library(padr)
     >
     > test_check("padr")
     -- 1. Failure: the drop argument gives the desired result (@test_thicken.R#179)
     thicken(coffee, "hour") not equal to `no_drop`.
     Component "time_stamp_hour": 'tzone' attributes are inconsistent ('' and 'CET')
    
     -- 2. Failure: the drop argument gives the desired result (@test_thicken.R#180)
     thicken(coffee, "hour", drop = FALSE) not equal to `no_drop`.
     Component "time_stamp_hour": 'tzone' attributes are inconsistent ('' and 'CET')
    
     -- 3. Failure: the drop argument gives the desired result (@test_thicken.R#181)
     thicken(coffee, "hour", drop = TRUE) not equal to `with_drop`.
     Component "time_stamp_hour": 'tzone' attributes are inconsistent ('' and 'CET')
    
     == testthat results ===========================================================
     [ OK: 603 | SKIPPED: 0 | WARNINGS: 0 | FAILED: 3 ]
     1. Failure: the drop argument gives the desired result (@test_thicken.R#179)
     2. Failure: the drop argument gives the desired result (@test_thicken.R#180)
     3. Failure: the drop argument gives the desired result (@test_thicken.R#181)
    
     Error: testthat unit tests failed
     Execution halted
Flavor: r-devel-windows-ix86+x86_64

Version: 0.5.2
Check: running tests for arch ‘x64’
Result: ERROR
     Running 'testthat.R' [12s]
    Running the tests in 'tests/testthat.R' failed.
    Complete output:
     > library(testthat)
     > library(padr)
     >
     > test_check("padr")
     -- 1. Failure: the drop argument gives the desired result (@test_thicken.R#179)
     thicken(coffee, "hour") not equal to `no_drop`.
     Component "time_stamp_hour": 'tzone' attributes are inconsistent ('' and 'CET')
    
     -- 2. Failure: the drop argument gives the desired result (@test_thicken.R#180)
     thicken(coffee, "hour", drop = FALSE) not equal to `no_drop`.
     Component "time_stamp_hour": 'tzone' attributes are inconsistent ('' and 'CET')
    
     -- 3. Failure: the drop argument gives the desired result (@test_thicken.R#181)
     thicken(coffee, "hour", drop = TRUE) not equal to `with_drop`.
     Component "time_stamp_hour": 'tzone' attributes are inconsistent ('' and 'CET')
    
     == testthat results ===========================================================
     [ OK: 603 | SKIPPED: 0 | WARNINGS: 0 | FAILED: 3 ]
     1. Failure: the drop argument gives the desired result (@test_thicken.R#179)
     2. Failure: the drop argument gives the desired result (@test_thicken.R#180)
     3. Failure: the drop argument gives the desired result (@test_thicken.R#181)
    
     Error: testthat unit tests failed
     Execution halted
Flavor: r-devel-windows-ix86+x86_64

Version: 0.5.3
Check: installed package size
Result: NOTE
     installed size is 5.2Mb
     sub-directories of 1Mb or more:
     data 1.7Mb
     doc 1.3Mb
     libs 2.0Mb
Flavor: r-release-windows-ix86+x86_64