Last updated on 2020-09-17 02:08:19 CEST.
Flavor | Version | Tinstall | Tcheck | Ttotal | Status | Flags |
---|---|---|---|---|---|---|
r-devel-linux-x86_64-debian-clang | 0.6.0 | 2.40 | 17.50 | 19.90 | OK | |
r-devel-linux-x86_64-debian-gcc | 0.6.0 | 1.95 | 13.87 | 15.82 | OK | |
r-devel-linux-x86_64-fedora-clang | 0.6.0 | 36.34 | NOTE | |||
r-devel-linux-x86_64-fedora-gcc | 0.6.0 | 24.53 | NOTE | |||
r-devel-windows-ix86+x86_64 | 0.6.0 | 7.00 | 35.00 | 42.00 | OK | |
r-patched-linux-x86_64 | 0.6.0 | 2.40 | 17.25 | 19.65 | OK | |
r-patched-solaris-x86 | 0.6.0 | 40.80 | OK | |||
r-release-linux-x86_64 | 0.6.0 | 2.44 | 17.97 | 20.41 | OK | |
r-release-macos-x86_64 | 0.6.0 | OK | ||||
r-release-windows-ix86+x86_64 | 0.6.0 | 8.00 | 39.00 | 47.00 | OK | |
r-oldrel-macos-x86_64 | 0.6.0 | OK | ||||
r-oldrel-windows-ix86+x86_64 | 0.6.0 | 8.00 | 50.00 | 58.00 | OK |
Version: 0.6.0
Check: compiled code
Result: NOTE
File ‘pbivnorm/libs/pbivnorm.so’:
Found no calls to: ‘R_registerRoutines’, ‘R_useDynamicSymbols’
It is good practice to register native routines and to disable symbol
search.
See ‘Writing portable packages’ in the ‘Writing R Extensions’ manual.
Flavors: r-devel-linux-x86_64-fedora-clang, r-devel-linux-x86_64-fedora-gcc