CRAN Package Check Results for Package phyloregion

Last updated on 2020-09-17 02:08:19 CEST.

Flavor Version Tinstall Tcheck Ttotal Status Flags
r-devel-linux-x86_64-debian-clang 1.0.4 13.56 169.15 182.71 OK
r-devel-linux-x86_64-debian-gcc 1.0.4 13.79 131.15 144.94 OK
r-devel-linux-x86_64-fedora-clang 1.0.4 251.64 NOTE
r-devel-linux-x86_64-fedora-gcc 1.0.4 229.99 NOTE
r-devel-windows-ix86+x86_64 1.0.4 37.00 218.00 255.00 OK
r-patched-linux-x86_64 1.0.4 14.85 166.22 181.07 OK
r-patched-solaris-x86 1.0.4 332.50 NOTE
r-release-linux-x86_64 1.0.4 16.31 167.79 184.10 OK
r-release-macos-x86_64 1.0.4 NOTE
r-release-windows-ix86+x86_64 1.0.4 40.00 216.00 256.00 OK
r-oldrel-macos-x86_64 1.0.4 NOTE
r-oldrel-windows-ix86+x86_64 1.0.4 24.00 203.00 227.00 OK

Check Details

Version: 1.0.4
Check: dependencies in R code
Result: NOTE
    Namespaces in Imports field not imported from:
     ‘rgdal’ ‘rgeos’
     All declared Imports should be used.
Flavors: r-devel-linux-x86_64-fedora-clang, r-devel-linux-x86_64-fedora-gcc, r-patched-solaris-x86, r-release-macos-x86_64, r-oldrel-macos-x86_64

Version: 1.0.4
Check: Rd cross-references
Result: NOTE
    Undeclared package ‘picante’ in Rd xrefs
Flavor: r-devel-linux-x86_64-fedora-clang