CRAN Package Check Results for Package pkgdown

Last updated on 2020-09-17 02:08:19 CEST.

Flavor Version Tinstall Tcheck Ttotal Status Flags
r-devel-linux-x86_64-debian-clang 1.6.1 7.60 77.11 84.71 OK
r-devel-linux-x86_64-debian-gcc 1.6.1 6.11 59.38 65.49 OK
r-devel-linux-x86_64-fedora-clang 1.6.1 115.23 NOTE
r-devel-linux-x86_64-fedora-gcc 1.6.1 100.55 OK
r-devel-windows-ix86+x86_64 1.6.0 16.00 113.00 129.00 OK
r-patched-linux-x86_64 1.6.1 6.72 75.79 82.51 OK
r-patched-solaris-x86 1.6.1 111.70 OK
r-release-linux-x86_64 1.6.1 8.30 75.90 84.20 OK
r-release-macos-x86_64 1.6.1 ERROR
r-release-windows-ix86+x86_64 1.6.1 16.00 125.00 141.00 OK
r-oldrel-macos-x86_64 1.6.1 ERROR
r-oldrel-windows-ix86+x86_64 1.6.1 11.00 84.00 95.00 OK

Check Details

Version: 1.6.1
Check: Rd cross-references
Result: NOTE
    Undeclared package ‘usethis’ in Rd xrefs
Flavor: r-devel-linux-x86_64-fedora-clang

Version: 1.6.1
Check: package dependencies
Result: ERROR
    Package required but not available: ‘downlit’
    
    See section ‘The DESCRIPTION file’ in the ‘Writing R Extensions’
    manual.
Flavors: r-release-macos-x86_64, r-oldrel-macos-x86_64