CRAN Package Check Results for Package pkggraph

Last updated on 2020-09-17 02:08:19 CEST.

Flavor Version Tinstall Tcheck Ttotal Status Flags
r-devel-linux-x86_64-debian-clang 0.2.3 10.98 138.65 149.63 OK
r-devel-linux-x86_64-debian-gcc 0.2.3 9.87 103.45 113.32 OK
r-devel-linux-x86_64-fedora-clang 0.2.3 199.25 OK
r-devel-linux-x86_64-fedora-gcc 0.2.3 176.76 OK
r-devel-windows-ix86+x86_64 0.2.3 28.00 167.00 195.00 OK
r-patched-linux-x86_64 0.2.3 12.73 139.08 151.81 OK
r-patched-solaris-x86 0.2.3 260.30 NOTE
r-release-linux-x86_64 0.2.3 12.65 139.69 152.34 OK
r-release-macos-x86_64 0.2.3 OK
r-release-windows-ix86+x86_64 0.2.3 28.00 178.00 206.00 OK
r-oldrel-macos-x86_64 0.2.3 OK
r-oldrel-windows-ix86+x86_64 0.2.3 23.00 186.00 209.00 OK

Check Details

Version: 0.2.3
Check: installed package size
Result: NOTE
     installed size is 5.1Mb
     sub-directories of 1Mb or more:
     doc 4.4Mb
Flavor: r-patched-solaris-x86